9
Suppose -505*h - u - 342 = -507*h, -2*h - 2*u = -360. What is the highest common factor of 667 and h?
29
Suppose 4*j = 12, 7*z - 321 = 2*z - 2*j. Let p = 57 + z. Suppose h - 48 = -0*h. Calculate the greatest common factor of h and p.
24
Suppose 8570 = 93*m + 35*m - 17926. Suppose 0 = -3*a + 3 + 12. Suppose 0 = a*x - 110 - 5. What is the greatest common factor of m and x?
23
Suppose 0 = 3*i - 21, -18*u + 15*u = -i - 8261. What is the greatest common divisor of u and 1248?
52
Let l(q) = q**2 + 36*q + 346. Let o be l(-10). Calculate the highest common factor of o and 43.
43
Let g be (-8)/96*-20*312. Let h = 452 + g. Calculate the highest common factor of 36 and h.
36
Let r(w) = w**3 - 26*w**2 - 17*w + 862. Let t be r(26). Calculate the greatest common divisor of t and 324.
12
Suppose -i - 4*t + 3760 = -820, t - 5 = 0. Calculate the greatest common factor of 270 and i.
30
Let y = 3110 - 3058. What is the highest common factor of 9984 and y?
52
Let u(l) = -4*l - 3*l - 3*l - 16 - l**2. Let p be u(-8). Suppose p = -3*z + 5*c + 67, -z - c + 13 + 20 = 0. What is the highest common divisor of z and 29?
29
Let w = 126 - 202. Let x = 94 + w. What is the greatest common divisor of 6 and x?
6
Suppose 2*h - 5*z - 2676 = 0, 0*z + 4*z - 5324 = -4*h. Calculate the greatest common divisor of h and 62.
31
Let r(h) = -2*h + 31. Let j be r(-7). Let c = j + -126. Let i = 147 + c. What is the greatest common divisor of i and 44?
22
Suppose 0 = 18*a - 37419 + 2103. Calculate the highest common divisor of 180 and a.
18
Suppose -3*i = 0, 904 - 119 = -5*u - 2*i. Let y = u - -170. Let a = 75 + 42. Calculate the highest common divisor of y and a.
13
Let u(t) = -t**2 - 6*t + 39. Let q be u(-10). Let o(n) = -16*n - 13*n - 1 - 7*n. Let c be o(q). What is the highest common divisor of 14 and c?
7
Suppose -4 = 8*k - 76. Let b be k*((-1925)/15)/(-5). Let u(l) = -2*l + 3. Let p be u(-9). Calculate the highest common factor of b and p.
21
Let m = 17446 + -10747. Calculate the greatest common factor of m and 42.
21
Let x be (-1720)/(-3)*(-2 - -20)/6. What is the greatest common divisor of x and 120?
40
Suppose 5*r + 0*r = 500. Suppose k - 1612 = -4*y - 1310, 5*y - 5*k = 365. What is the highest common factor of y and r?
25
Suppose 6*a = 406 + 242. Let h(z) = z**3 + 7*z**2 + 2*z - 12. Let j be ((-6)/5)/((-3)/(-15)). Let w be h(j). What is the highest common divisor of w and a?
12
Let c be 45/10*28/6. Suppose -7*y + c + 189 = 0. Suppose -45 = -q - 0*q. What is the highest common factor of q and y?
15
Suppose -10*b = -4 - 16. Suppose -b*p + 34 = -46. Let o(d) = -9*d**3 + d**2. Let x be o(-1). Calculate the highest common divisor of p and x.
10
Let w be (-1 - -5)*6/8*5609/213. Calculate the highest common divisor of 3 and w.
1
Suppose 0 = -4*q + 5*b - 17 + 40, -3*b - 15 = -3*q. Suppose 3*m - 4 = q*m. Let a be -3 + 47 + m + -2. Calculate the greatest common factor of 46 and a.
46
Let r be -200*(3 + 63/(-18)). Suppose -1240 = -5*n - 5*y, -3*n + 5*y = -406 - 354. Calculate the highest common factor of r and n.
50
Let q = -26213 - -63942. What is the greatest common factor of 29 and q?
29
Suppose -7080 = -181*r + 7762. Calculate the greatest common divisor of 22222 and r.
82
Suppose 6*s - 113 = 157. Suppose s = 16*o - 51. Calculate the highest common factor of 108 and o.
6
Let g(b) = 4*b**2 - 11*b - 23. Let c(o) = 6*o**2 - 12*o - 22. Let q(f) = 3*c(f) - 4*g(f). Let l be q(-3). What is the greatest common divisor of 500 and l?
20
Let m = -13335 - -13584. What is the greatest common divisor of 249 and m?
249
Let g = -615 + 669. What is the greatest common factor of g and 108?
54
Suppose 30*m - 206507 - 96367 = -48*m. Calculate the highest common divisor of 55 and m.
11
Suppose 15*k - 14*k - 71 = -n, 154 = 2*n - 2*k. Calculate the highest common divisor of n and 3.
1
Suppose 448*z - 9287460 = -287*z. What is the greatest common factor of 104 and z?
52
Let h be (-8)/(-6) + ((-40)/30 - 9). Let n be 22*h*(-7)/42. Suppose 5*j + 5*p - 65 = 0, -p - 23 = -3*j + 4*p. What is the greatest common divisor of j and n?
11
Let n = 18 + -15. Suppose 0 = -5*w - n + 23. Suppose -i + 5*l + 8 = 0, i - 17 = w*l - 6. Calculate the highest common divisor of 207 and i.
23
Suppose 94 = 9*u - 257. Let x = 73 + u. What is the greatest common divisor of 8 and x?
8
Let g(f) = 8*f**2 + 479*f + 1425. Let t be g(-3). Let o be -3 - -1 - (-21 + 1). Let p = o + -6. Calculate the greatest common divisor of p and t.
12
Suppose -2*f + 5834 = 10*u, 2913 = -2*f + 3*f + u. What is the greatest common factor of 70 and f?
14
Let d(w) = w**2 + 7*w - 3. Let f be d(-8). Suppose -c + f*p = -4*c + 159, p + 93 = 2*c. What is the highest common divisor of 32 and c?
16
Let c = 23 - 35. Let b = -5 - c. Let l = 68620 - 68618. What is the greatest common divisor of l and b?
1
Let q be (1770/(-25) + (-24)/(-30))*2/(-4). Suppose -186 = -3*v + 3*f + 30, 5*f = -2*v + 130. Calculate the highest common factor of q and v.
35
Let k be ((-605)/10)/((-6)/(-12)). Let s = 150 + k. What is the highest common factor of s and 145?
29
Suppose -8*w = -19*w + 275. Suppose -33*m + w*m = -296. What is the highest common divisor of 333 and m?
37
Let a be (8 - 4) + (-15)/(-1). Suppose -33*h - 16470 = -39*h. Let c be 3/(-6) - h/(-18). What is the greatest common divisor of c and a?
19
Suppose -989 = -2*b + 5*q - 210, b + q = 386. Suppose -w + 16 + 203 = 0. Suppose 0*s - w = -5*p - 4*s, -1 = -s. Calculate the highest common divisor of p and b.
43
Suppose 58 = 3*x + 3*q + 19, 5*x = 4*q + 92. Suppose 3*a - a + 30 = -3*l, -3*a - 39 = 4*l. Let i = l + x. What is the highest common divisor of i and 6?
2
Suppose -33*t = -31*t + 52. Let l be (t/((-572)/231))/((-2)/(-4)). Calculate the greatest common factor of 231 and l.
21
Let m = 115 + -61. Let c be (16/28)/(-4) - 64657/(-133). What is the greatest common factor of m and c?
54
Suppose 2*u = -3*u + 50. Let a be (-75)/(-30) - (-1206)/4. Suppose -4*g + 16 + a = 0. What is the highest common divisor of u and g?
10
Suppose -2*u + 8 = -84. Suppose 2*m + 4*l - u = 46, 4*m - 163 = -l. Calculate the greatest common divisor of m and 24.
8
Let s be (-4)/3*5814/(6 + -9). What is the highest common divisor of 884 and s?
68
Suppose -306 + 134 = -4*p. Suppose p = 20*y - 11477. What is the greatest common factor of y and 16?
16
Suppose -10 = 10*m + 20. Let k(n) = -381*n + 7. Let f be k(m). Suppose -f = -4*t - 2. What is the highest common factor of t and 41?
41
Let x be -2*((-1445)/10 + -3) - 7. What is the highest common factor of x and 9?
9
Suppose t - 125 = 192. Let v = 906 - t. Suppose -181 = -14*x + v. What is the highest common divisor of 11 and x?
11
Let h = -11019 + 11371. Calculate the greatest common factor of h and 2156.
44
Suppose 0 = 3*f - 5*t - 3, 152*f - 150*f - 15 = -t. What is the highest common factor of f and 7482?
6
Let k = -945 + 969. Let g = -760 - -114. Let m be 3/9 - g/6. Calculate the greatest common factor of m and k.
12
Let j = 541 + -549. Let t be (-1570 - 6)/j - 2. What is the greatest common divisor of t and 455?
65
Suppose 0 = -x + 4*j + 8, -138 = -3*x - 4*j - 2. Let y be (-12)/15*(-15)/2. Suppose -y = -p + 18. Calculate the greatest common divisor of p and x.
12
Let n be (-9)/((-30)/165*((-52)/16 - -4)). What is the highest common factor of n and 1364?
22
Let v be 38/(-171) + 2164/18. Suppose -p + 36*x = 38*x - v, 3*p - x = 332. What is the greatest common divisor of p and 56?
56
Let n be 30 - (6/10)/(42/(-140)). Let j(l) = 16*l**2 - l + 2. Let g be j(2). What is the highest common divisor of n and g?
32
Let n be 7 + (-540)/(-7 + 6). Let g = -488 + n. Calculate the greatest common divisor of 59 and g.
59
Suppose 2073 = 2*n - 2941. What is the greatest common divisor of n and 46?
23
Suppose 2*h + 1400 = 6*h. Let q(v) = -6*v - 170 + h - 123. Let g be q(0). Calculate the highest common divisor of 3 and g.
3
Suppose -j + 0 = -2*h + 7, -5*h + 5*j + 20 = 0. Let d be (15 + 120)*(-2 - -1*h). What is the highest common factor of d and 5?
5
Suppose -y - 135 = -2*y. Let d = -76 + 96. Let j = d - 5. What is the highest common divisor of y and j?
15
Suppose 0 = 4*u - 6*u + 234. Suppose 26*z - 163 = -4*a + 155, 0 = 3*z - 4*a - 59. Calculate the highest common divisor of u and z.
13
Let j(m) be the second derivativ